 when c is divided by 10?
7
Let l(m) = -m**3 - 2*m**2 - m - 5. What is the remainder when l(-4) is divided by -1*(28/35)/(2/(-20))?
7
Let u = -39 - -46. Let r = 21 + -15. Suppose -r = -s + 13. Calculate the remainder when s is divided by u.
5
What is the remainder when (-3 + 21)*(-18)/(-12) is divided by 10?
7
Suppose 5*y - 3*o = 22 + 85, -2*o = -3*y + 65. What is the remainder when 6/(1*3/18) is divided by y?
17
Calculate the remainder when 1190/28*(-8)/(-5) is divided by 14.
12
Let m(p) = -4*p - 1. Let s be m(4). Let w = s - -11. Calculate the remainder when 8 is divided by -2*w/4 - 0.
2
Let c be (3/(-2))/((-3)/104). Suppose 2*j - j = c. Suppose -6*v = -2*v - j. Calculate the remainder when 24 is divided by v.
11
Let r(t) = -t**2 + 13*t - 18. What is the remainder when 35 is divided by r(10)?
11
Let m(v) = 9*v + 3 - 6*v + 2*v - 4*v. What is the remainder when 46 is divided by m(9)?
10
Suppose 4*f - 365 = -37. Calculate the remainder when f is divided by 4/(-1) + (-700)/(-28).
19
Let s(u) = -u**3 - u**2 + 1. Let r(i) = 7*i**3 + 14*i**2 + 6*i - 6. Let k(w) = r(w) + 6*s(w). Calculate the remainder when 13 is divided by k(-7).
6
Suppose 5*i + 5*q - 320 = 0, 9*q - 251 = -4*i + 4*q. Calculate the remainder when i is divided by 19.
12
Let b(d) = d**2 - 18*d + 16. What is the remainder when 137 is divided by b(19)?
32
Let g = 2 - -2. Let p = 72 + -106. Let b = g - p. What is the remainder when b is divided by 20?
18
Suppose -3*j + 0*j = -4*l + 22, 0 = -4*j - 8. Suppose -137 = -5*n + 3*x, 3*n + 4*x + 24 = l*n. Calculate the remainder when 81 is divided by n.
25
Suppose 0 + 8 = 4*l. Let c(g) = -g**2 - 5*g + 11. Calculate the remainder when c(-6) is divided by l.
1
Suppose 4*z - 36 = 16. What is the remainder when 73 is divided by z?
8
Suppose -21 + 101 = 8*y. Calculate the remainder when 68 is divided by y.
8
Let t(y) = -3*y**2 - 22*y + 15. Let x(p) = -p**2 - 11*p + 8. Let k = -2 + 4. Let z(d) = k*t(d) - 5*x(d). Calculate the remainder when z(7) is divided by 10.
8
Let d(f) = f**2 + 4*f - 8. Let o be d(-6). Suppose -w + 0 = -5*r - 19, 20 = -4*w - o*r. Calculate the remainder when w + (45/3 - 0) is divided by 8.
6
Suppose -4*b + 6 = r - 33, -4*b = 2*r - 38. What is the remainder when (-174)/2*(-4)/12 is divided by b?
9
Suppose -7 = -19*d + 240. Calculate the remainder when 194 is divided by d.
12
Let k(l) = 2*l + 27. What is the remainder when 128 is divided by k(3)?
29
Let j(m) be the first derivative of m**3/3 - 3*m**2 - 8*m + 1. Let d be j(6). Let v = -6 - d. What is the remainder when 5 is divided by v?
1
Suppose 3*w = -2*w. Suppose 3*z - 8*z + 5 = w. Calculate the remainder when 7 is divided by 1/(z + 9/(-12)).
3
Let n(d) = 0*d**2 + 2*d + 3*d - 3*d + 3 + d**2. Calculate the remainder when 31 is divided by n(-4).
9
Let p = -17 - -29. Let t = 11 + 11. Calculate the remainder when t is divided by p.
10
Let r(a) = -a + 5. Calculate the remainder when 41 is divided by r(-6).
8
Suppose -4*y + 40 = -28. Calculate the remainder when 50 is divided by y.
16
Suppose 5*r - 114 - 61 = 0. What is the remainder when 69 is divided by r?
34
Let v be (-17 + 18)/((-2)/(-54)). What is the remainder when (-202)/(-18) - 6/v is divided by 4?
3
Let z = 5 - -7. Let x(h) = -h**3 - 7*h**2 + 5*h - 2. What is the remainder when x(-8) is divided by z?
10
Suppose -5*y + w + 8 = -2*w, 0 = -5*y - 2*w + 28. What is the remainder when 2/7 + (-194)/(-7) is divided by 1/((-4)/(y + -44))?
8
Suppose h + f = -2 + 8, 2*f + 3 = h. Calculate the remainder when h is divided by 3.
2
Let c(f) = -f**3 + 9*f**2 - 8*f + 7. Let m be (-3)/(-18)*2*6. Suppose -s = -m*s + 8. Calculate the remainder when 20 is divided by c(s).
6
Let s(m) = -m + 18. What is the remainder when 38 is divided by s(8)?
8
Let o(y) = -11*y - 34. Calculate the remainder when o(-17) is divided by 53.
47
Let w = 36 + -8. Suppose 0*m = -3*m + y + 37, -15 = -m - y. Let b = 23 - m. Calculate the remainder when w is divided by b.
8
Suppose -27 = -u - j, -5*u - 3*j + 145 - 2 = 0. Calculate the remainder when u is divided by 11.
9
Suppose 45 = 3*r + 210. Calculate the remainder when r/(-3) - (-6)/9 is divided by 7.
5
Suppose 7*v - 80 = 3*v. What is the remainder when v is divided by 3?
2
Let j(d) = d**2 - 3*d. Let z be j(4). Suppose -z*w - 5 = w. What is the remainder when (3 - w)*(-21)/(-12) is divided by 4?
3
Suppose 6 = -3*k + 3*f + 42, -5*k - 5*f = -90. What is the remainder when 104 is divided by k?
14
Let d(x) = -17*x - 124. Calculate the remainder when d(-10) is divided by 17 - (1 - 0/1).
14
Let a = 8 + -6. Let k(o) = -8*o**2 + 16*o**a + 0*o + o. Calculate the remainder when 34 is divided by k(1).
7
Let y = -7 + 15. Suppose -y = -4*m + 4. Calculate the remainder when 8 is divided by m.
2
Suppose -3*z + 2*z - 2*j = 3, 0 = -3*z - 4*j - 5. Suppose 5*b - 15 = r, 10*r - 5*r + 15 = -5*b. Let s = z - r. Calculate the remainder when 16 is divided by s.
4
Let f be (6/10)/((-3)/(-15)). Suppose y + 2*t + 8 - 2 = 0, -f*y + t = -17. Suppose 114 = y*s - 62. What is the remainder when s is divided by 15?
14
Suppose -4 = -2*c + c. Suppose c*i - 18 = 6. Let j(p) = -p + 14. Calculate the remainder when j(i) is divided by 5.
3
Let i = -10 - -26. Suppose -2*n + i + 6 = 2*j, j + 7 = 5*n. What is the remainder when 14 is divided by j?
6
What is the remainder when (0 + -1)/((-7)/413) is divided by 15?
14
Suppose 0 = 10*t - 114 - 546. Calculate the remainder when t is divided by 20.
6
Let x(h) = 10*h**2 + h + 1. Calculate the remainder when 18 is divided by x(-1).
8
Suppose -4 = f - 31. Calculate the remainder when f is divided by 7.
6
Let s(z) = 6*z**2 + z - 3. Calculate the remainder when s(-6) is divided by 35.
32
Let c = -2 - -6. Suppose -c*u + 167 = 51. Calculate the remainder when u is divided by 10.
9
Let z be (-4)/(-10) - (-266)/35. Let p(x) = x**3 - 8*x**2 + 7*x - 11. What is the remainder when p(z) is divided by (-2)/((-63)/(-69) + -1)?
22
Let k = 61 + -38. Calculate the remainder when k is divided by (5/((-100)/45))/(3/(-8)).
5
Let d = 13 - 13. Suppose d*p + 4*p = 168. Calculate the remainder when p is divided by 11.
9
Let v = 20 + -8. What is the remainder when 33 is divided by v?
9
Calculate the remainder when -2 + (-1 - -29) + (-8)/(-4) is divided by 10.
8
Let o(x) = x**3 - x**2 + 2*x - 3. Calculate the remainder when 7 is divided by o(2).
2
Let i(u) = -u**3 - 6*u**2 - 5*u + 5. Suppose -5*v = -3*v + 12. What is the remainder when i(v) is divided by 19?
16
Suppose 5*o = 25, o = -3*b + 4*o + 84. Let q(t) = t - 4. Let a be q(4). Suppose a*g = g - 17. What is the remainder when b is divided by g?
16
Let p(i) = -i**2 + 7*i + 2. Let j be (-4)/6*21/(-2). Let y be p(j). Suppose y*b = 35 + 13. Calculate the remainder when b is divided by 13.
11
Let p(s) = -s - 1. Let l(y) = 5. Let q(x) = -l(x) - 4*p(x). What is the remainder when 42 is divided by q(3)?
9
Let h(a) = a**2 - 3*a - 49. What is the remainder when h(-8) is divided by 15 - (1 - (0 + 0))?
11
Let a(f) = 4*f**2 - 19*f + 9. Calculate the remainder when a(6) is divided by 21.
18
Let a(d) be the second derivative of d**4/6 + 4*d**3/3 - d**2/2 + 3*d. Calculate the remainder when a(-6) is divided by 12.
11
Let k(x) = x**2 - 6*x. Let o be k(6). Suppose -62 = -o*f - 2*f. Let n = -17 + 28. What is the remainder when f is divided by n?
9
Let k = 7 - -12. Calculate the remainder when k is divided by 11.
8
Let q(o) = -o**3 - 6*o**2 - 6*o + 7. Suppose 25 = -5*z - 0*z. What is the remainder when 46 is divided by q(z)?
10
Suppose 0 = v - 95 + 13. Let k(c) = -44*c**2 + c + 1. Let t be k(-1). Let b = v + t. Calculate the remainder when b is divided by 13.
12
Suppose -2*o = 3*o + 5*q - 60, 0 = 3*o - 5*q - 28. Suppose 4 = 2*x - 6*x. Calculate the remainder when 26 is divided by o - (x + -3 + 1).
12
Suppose -4*q + 147 - 11 = 0. What is the remainder when q is divided by 13?
8
Let l = 66 - 44. Suppose l = 2*c - 2*v + v, 0 = -5*c - 3*v + 77. Calculate the remainder when c is divided by 5.
3
Let t = 211 + -168. Let p = -1 + 12. What is the remainder when t is divided by p?
10
Let g(m) = m**2 - 2. What is the remainder when g(-5) is divided by 13?
10
Let r = -190 - -230. Let y = -147 + 231. Suppose 3*k = -k + y. Calculate the remainder when r is divided by k.
19
Let s(l) = l + 36. Calculate the remainder w